{"id":9,"date":"2022-05-18T21:29:35","date_gmt":"2022-05-18T21:29:35","guid":{"rendered":"http:\/\/194.163.143.247\/?page_id=9"},"modified":"2022-10-27T21:57:53","modified_gmt":"2022-10-27T21:57:53","slug":"institucional","status":"publish","type":"page","link":"https:\/\/escuelasantalucia.edu.ar\/index.php\/institucional\/","title":{"rendered":"Institucional"},"content":{"rendered":"\n<p><\/p>\n\n\n\n<h2 class=\"wp-block-heading\">Escuela Santa Lucia<\/h2>\n\n\n\n<h3 class=\"wp-block-heading\">QUI\u00c9NES SOMOS<\/h3>\n\n\n\n<p>La Escuela Sta Lucia pertenece a la Congregacion de las Hermanas del Monte Calvario. La&nbsp; ESL &#8220;es una sociedad civil, de derecho privado, sin \u00e1nimo de lucro, filantr\u00f3pica y tiene como objetivo crear, congregar, dirigir, mantener obras dirigidas a la caridad, la promoci\u00f3n humana a la educaci\u00f3n, la cultura a la evangelizaci\u00f3n y la asistencia a la comunidad&#8221;<\/p>\n\n\n\n<hr class=\"wp-block-separator has-css-opacity\"\/>\n\n\n\n<h3 class=\"wp-block-heading\">NUESTRA HISTORIA<\/h3>\n\n\n\n<p><strong>La raz\u00f3n de ser de la escuela santa Lucia<\/strong><\/p>\n\n\n\n<h3 class=\"wp-block-heading\">Origen y formaci\u00f3n<\/h3>\n\n\n\n<p>De noble y rica familia, la hija de&nbsp;<a href=\"https:\/\/es.wikipedia.org\/w\/index.php?title=Giorgio_Centurione&amp;action=edit&amp;redlink=1\">Giorgio Centurione<\/a>,&nbsp;<a href=\"https:\/\/es.wikipedia.org\/wiki\/Dux\">dux<\/a>&nbsp;de la&nbsp;<a href=\"https:\/\/es.wikipedia.org\/wiki\/Rep%C3%BAblica_de_G%C3%A9nova\">Rep\u00fablica de G\u00e9nova<\/a>&nbsp;en el bienio 1621-1622, recibi\u00f3 una&nbsp;<a href=\"https:\/\/es.wikipedia.org\/wiki\/Educaci%C3%B3n\">educaci\u00f3n<\/a>&nbsp;religiosa. Los padres quer\u00edan por su educaci\u00f3n que le permitiera leer obras de la&nbsp;<a href=\"https:\/\/es.wikipedia.org\/wiki\/Literatura\">literatura<\/a>&nbsp;y se le ense\u00f1ara&nbsp;<a href=\"https:\/\/es.wikipedia.org\/wiki\/Lat%C3%ADn\">lat\u00edn<\/a>. Su madre muri\u00f3 pronto y su padre, seg\u00fan la costumbre de la \u00e9poca, la prometi\u00f3 en matrimonio a Gaspare Grimaldi Bracelli, \u00fanico heredero de una familia rica y noble.<a href=\"https:\/\/es.wikipedia.org\/wiki\/Virginia_Centurione_Bracelli#cite_note-1\"><sup>1<\/sup><\/a><\/p>\n\n\n\n<div class=\"wp-block-media-text alignwide is-stacked-on-mobile is-image-fill\" style=\"grid-template-columns:44% auto\"><figure class=\"wp-block-media-text__media\" style=\"background-image:url(https:\/\/escuelasantalucia.edu.ar\/wp-content\/uploads\/2022\/06\/Imagen-SantaLucia.png);background-position:50% 50%\"><img decoding=\"async\" width=\"181\" height=\"243\" src=\"https:\/\/escuelasantalucia.edu.ar\/wp-content\/uploads\/2022\/06\/Imagen-SantaLucia.png\" alt=\"\" class=\"wp-image-481 size-full\"\/><\/figure><div class=\"wp-block-media-text__content\">\n<h3 class=\"wp-block-heading\">Matrimonio<\/h3>\n\n\n\n<p>Virginia contrae matrimonio el 10 de diciembre de 1602, con Gaspar Grimaldi Bracelli. En&nbsp;<a href=\"https:\/\/es.wikipedia.org\/wiki\/1606\">1606<\/a>&nbsp;el prometido de Virginia, Gaspar Bracelli, se puso muy enfermo de los&nbsp;<a href=\"https:\/\/es.wikipedia.org\/wiki\/Pulmones\">pulmones<\/a>&nbsp;y los m\u00e9dicos le recomendaron un clima m\u00e1s saludable; por lo que se traslad\u00f3 a&nbsp;<a href=\"https:\/\/es.wikipedia.org\/wiki\/Alejandr%C3%ADa\">Alejandr\u00eda<\/a>, en casa de unos primos. Su esposo muri\u00f3 el&nbsp;<a href=\"https:\/\/es.wikipedia.org\/wiki\/13_de_junio\">13 de junio<\/a>, a los 24 a\u00f1os, dej\u00e1ndola&nbsp;<a href=\"https:\/\/es.wikipedia.org\/wiki\/Viudez\">viuda<\/a>&nbsp;a los 20 a\u00f1os.<a href=\"https:\/\/es.wikipedia.org\/wiki\/Virginia_Centurione_Bracelli#cite_note-Vatican-2\"><sup>2<\/sup><\/a>\u200b<\/p>\n\n\n\n<p>Buscando la colaboraci\u00f3n de la madre de Gaspare, Giorgio Centurione hizo de nuevo los planes de boda de su hija, impulsado por el deseo de convertirse en&nbsp;<a href=\"https:\/\/es.wikipedia.org\/wiki\/Dux\">dux<\/a>, pero Virginia se neg\u00f3 a las nuevas pretensiones de su padre.<\/p>\n\n\n\n<h3 class=\"wp-block-heading\">Las actividades de asistencia<\/h3>\n\n\n\n<p>Virginia Centurione fund\u00f3 algunas&nbsp;<a href=\"https:\/\/es.wikipedia.org\/wiki\/Escuela\">escuelas<\/a>&nbsp;y colegios, y ayud\u00f3 con recursos propios a algunas familias necesitadas para que sus hijos pudieran ir a la escuela.<\/p>\n\n\n\n<p>Durante a guerra franco-piamontesa de&nbsp;<a href=\"https:\/\/es.wikipedia.org\/wiki\/1625\">1625<\/a>, entre la&nbsp;<a href=\"https:\/\/es.wikipedia.org\/wiki\/Rep%C3%BAblica_de_G%C3%A9nova\">Rep\u00fablica de G\u00e9nova<\/a>&nbsp;y el&nbsp;<a href=\"https:\/\/es.wikipedia.org\/wiki\/Ducado_de_Saboya\">ducado de Saboya<\/a>, que fue respaldado por&nbsp;<a href=\"https:\/\/es.wikipedia.org\/wiki\/Francia\">Francia<\/a>, el&nbsp;<a href=\"https:\/\/es.wikipedia.org\/wiki\/Desempleo\">desempleo<\/a>&nbsp;y&nbsp;<a href=\"https:\/\/es.wikipedia.org\/wiki\/Hambre\">hambre<\/a>&nbsp;lleg\u00f3 a la naci\u00f3n. G\u00e9nova fue invadida por inmigrantes que buscaron refugio en la ciudad huyendo de los territorios ocupados. Virginia continu\u00f3 comprometida con sus obras de caridad mediante la organizaci\u00f3n de la asistencia espiritual y material a los refugiados, e incluso de algunos&nbsp;<a href=\"https:\/\/es.wikipedia.org\/wiki\/Prisioneros_de_guerra\">prisioneros de guerra<\/a>.<a href=\"https:\/\/es.wikipedia.org\/wiki\/Virginia_Centurione_Bracelli#cite_note-Vatican-2\"><sup>2<\/sup><\/a><\/p>\n\n\n\n<p>\u200b<\/p>\n<\/div><\/div>\n\n\n\n<p><\/p>\n\n\n\n<p>En agosto de&nbsp;<a href=\"https:\/\/es.wikipedia.org\/wiki\/1625\">1625<\/a>&nbsp;muri\u00f3 tambi\u00e9n la suegra, y en&nbsp;<a href=\"https:\/\/es.wikipedia.org\/wiki\/1630\">1630<\/a>&nbsp;Virginia comenz\u00f3 la actividad de la hospitalidad y <em>asistencia de las ni\u00f1as pobres. Al crecer el n\u00famero de j\u00f3venes que eran acogidas en su palacio, para las<\/em> que en principio reserv\u00f3 el&nbsp;<a href=\"https:\/\/es.wikipedia.org\/wiki\/%C3%81tico_(vivienda)\">\u00e1tico<\/a>, tuvo que buscar un local m\u00e1s amplio. La&nbsp;<a href=\"https:\/\/es.wikipedia.org\/wiki\/Duquesa\">duquesa<\/a>&nbsp;<a href=\"https:\/\/es.wikipedia.org\/w\/index.php?title=Placida_Spinola&amp;action=edit&amp;redlink=1\">Placida Spinola<\/a>, de quien era muy amiga, le concedi\u00f3 prestado, luego en alquiler, el monasterio de Monte&nbsp;<a href=\"https:\/\/es.wikipedia.org\/wiki\/Calvario\">Calvario<\/a>&nbsp;que hab\u00eda comprado a los frailes&nbsp;<a href=\"https:\/\/es.wikipedia.org\/wiki\/Franciscanos\">franciscanos<\/a>.<\/p>\n\n\n\n<p>El&nbsp;<a href=\"https:\/\/es.wikipedia.org\/wiki\/14_de_abril\">14 de abril<\/a>&nbsp;de&nbsp;<a href=\"https:\/\/es.wikipedia.org\/wiki\/1631\">1631<\/a>, sali\u00f3 de la casa de Via Lomellini y se mud\u00f3 con las j\u00f3venes al convento de Monte Calvario, al que m\u00e1s tarde llam\u00f3 \u00abRefugio del Monte Calvario\u00bb. Cuando el convento de Monte Calvario se hizo insuficiente para muchas peticiones, Virginia fund\u00f3 dos nuevas casas. En menos de tres a\u00f1os la obra contaba ya con tres casas y trescientas j\u00f3venes.<\/p>\n\n\n\n<p>Para hacer frente a las dificultades econ\u00f3micas recurri\u00f3 a la familia, especialmente a su hermano Francesco, jefe del&nbsp;<a href=\"https:\/\/es.wikipedia.org\/wiki\/Ej%C3%A9rcito\">Ej\u00e9rcito<\/a>&nbsp;<a href=\"https:\/\/es.wikipedia.org\/wiki\/Estados_Pontificios\">pontificio<\/a>). Igualmente pidi\u00f3 ayuda a la &#8220;Oficina de los Pobres&#8221; y a otros benefactores, que ve\u00edan en su obra una oportunidad para las j\u00f3venes que no ten\u00edan las condiciones suficientes para salir adelante.<\/p>\n\n\n\n<p>En la primera mitad del&nbsp;<a href=\"https:\/\/es.wikipedia.org\/wiki\/Siglo_XVII\">siglo XVII<\/a>&nbsp;hab\u00eda en G\u00e9nova diversas instituciones p\u00fablicas de asistencia a la poblaci\u00f3n, entre ellas la &#8220;Oficina de los pobres&#8221; y la &#8220;<a href=\"https:\/\/es.wikipedia.org\/wiki\/Asociaci%C3%B3n_(Derecho)\">asociaci\u00f3n<\/a>&nbsp;de las &#8220;Ocho se\u00f1oras de la misericordia&#8221;; este \u00faltimo se encontraba en un estado de descomposici\u00f3n, por lo que era casi imposible encontrar ocho personas dispuestas a hacerse cargo de los ocho distritos en que se divid\u00eda la ciudad. Virginia fue invitada a ser parte de ella y se le dio un barrio pobre en el que viv\u00edan m\u00e1s de seiscientas familias. Decidi\u00f3 reorganizar la distribuci\u00f3n de ayuda de una manera que en realidad llegara a los pobres: prepar\u00f3 y expuso a la asociaci\u00f3n un programa de asistencia. Adem\u00e1s, fue capaz de comprometer a la&nbsp;<a href=\"https:\/\/es.wikipedia.org\/wiki\/Nobleza\">nobleza<\/a>&nbsp;genovesa para que le ofrecieran los medios necesarios para el programa e incluso su colaboraci\u00f3n. De esa manera, surgi\u00f3 la asociaci\u00f3n de las&nbsp;<em>Cien Se\u00f1oras de la Misericordia protectoras de los Pobres de Jesucristo<\/em>, conocidas tambi\u00e9n como las&nbsp;<em>Cien Se\u00f1oras de la Caridad<\/em>, que trabajaron junto con otros voluntarios en los distintos distritos de la ciudad. En&nbsp;<a href=\"https:\/\/es.wikipedia.org\/wiki\/1634\">1634<\/a>&nbsp;Virginia escribi\u00f3 una regla para la nueva Congregaci\u00f3n. A pesar de la efervescencia inicial, las congregaci\u00f3n no dur\u00f3 mucho.<a href=\"https:\/\/es.wikipedia.org\/wiki\/Virginia_Centurione_Bracelli#cite_note-Vatican-2\"><sup>2<\/sup><\/a>\u200b<\/p>\n\n\n\n<p>Virginia se dedic\u00f3 entonces a la reorganizaci\u00f3n del&nbsp;<a href=\"https:\/\/es.wikipedia.org\/wiki\/Lazareto\">lazareto<\/a>&nbsp;de G\u00e9nova, utilizado fuera de los per\u00edodos de&nbsp;<a href=\"https:\/\/es.wikipedia.org\/wiki\/Peste\">peste<\/a>, para la atenci\u00f3n de mujeres, ni\u00f1os, ancianos e inv\u00e1lidos. Obtuvo adem\u00e1s que un porcentual del ingreso del lazareto, se dedicara a los trabajadores del mismo.<\/p>\n\n\n\n<hr class=\"wp-block-separator has-css-opacity\"\/>\n\n\n\n<h3 class=\"wp-block-heading\">Misi\u00f3n<\/h3>\n\n\n\n<p>Educar a las personas con amor y excelencia, en l\u00ednea con el carisma agustiniano, desde la Educaci\u00f3n Infantil hasta la Escuela Secundaria, para continuar en el desarrollo de la autonom\u00eda moral, intelectual y espiritual, en la realizaci\u00f3n de su proyecto de vida y en la construcci\u00f3n de una sociedad m\u00e1s justa.<\/p>\n\n\n\n<h3 class=\"wp-block-heading\">Visi\u00f3n<\/h3>\n\n\n\n<p>Ser un referente educativo con excelencia en la promoci\u00f3n de una educaci\u00f3n integral.<\/p>\n\n\n\n<h3 class=\"wp-block-heading\">Valores<\/h3>\n\n\n\n<p>Comunicaci\u00f3n, di\u00e1logo, alegr\u00eda, Ense\u00f1ar con amor<\/p>\n\n\n\n<p>\u00c9tica, respecto, trabajo en equipo<\/p>\n\n\n\n<p><\/p>\n","protected":false},"excerpt":{"rendered":"<p>Escuela Santa Lucia QUI\u00c9NES SOMOS La Escuela Sta Lucia pertenece a la Congregacion de las Hermanas del Monte Calvario. La&nbsp; ESL &#8220;es una sociedad civil, de derecho privado, sin \u00e1nimo de lucro, filantr\u00f3pica y tiene como objetivo crear, congregar, dirigir, mantener obras dirigidas a la caridad, la promoci\u00f3n humana a la educaci\u00f3n, la cultura a&hellip;<\/p>\n","protected":false},"author":1,"featured_media":0,"parent":0,"menu_order":0,"comment_status":"closed","ping_status":"closed","template":"","meta":{"footnotes":""},"class_list":["post-9","page","type-page","status-publish","hentry"],"_links":{"self":[{"href":"https:\/\/escuelasantalucia.edu.ar\/index.php\/wp-json\/wp\/v2\/pages\/9"}],"collection":[{"href":"https:\/\/escuelasantalucia.edu.ar\/index.php\/wp-json\/wp\/v2\/pages"}],"about":[{"href":"https:\/\/escuelasantalucia.edu.ar\/index.php\/wp-json\/wp\/v2\/types\/page"}],"author":[{"embeddable":true,"href":"https:\/\/escuelasantalucia.edu.ar\/index.php\/wp-json\/wp\/v2\/users\/1"}],"replies":[{"embeddable":true,"href":"https:\/\/escuelasantalucia.edu.ar\/index.php\/wp-json\/wp\/v2\/comments?post=9"}],"version-history":[{"count":17,"href":"https:\/\/escuelasantalucia.edu.ar\/index.php\/wp-json\/wp\/v2\/pages\/9\/revisions"}],"predecessor-version":[{"id":658,"href":"https:\/\/escuelasantalucia.edu.ar\/index.php\/wp-json\/wp\/v2\/pages\/9\/revisions\/658"}],"wp:attachment":[{"href":"https:\/\/escuelasantalucia.edu.ar\/index.php\/wp-json\/wp\/v2\/media?parent=9"}],"curies":[{"name":"wp","href":"https:\/\/api.w.org\/{rel}","templated":true}]}}